divide 95591?
False
Is 28970244 a multiple of 279?
True
Does 204 divide 29037440?
False
Is 27077640 a multiple of 24?
True
Does 6 divide 14685096?
True
Does 3 divide 29108266?
False
Is 5 a factor of 76846989?
False
Is 2084 a factor of 459461564?
True
Is 4 a factor of 420527281?
False
Does 54 divide 7668012?
False
Is 13 a factor of 592590648?
True
Is 2590 a factor of 315143430?
True
Is 15928508 a multiple of 886?
True
Does 10 divide 868367080?
True
Is 896887625 a multiple of 2075?
True
Is 70414398 a multiple of 18?
True
Does 14 divide 3512513704?
True
Does 152 divide 33398656?
True
Is 39 a factor of 10153026?
True
Does 24 divide 4403369?
False
Is 4 a factor of 67592824?
True
Is 23 a factor of 84078179?
True
Does 153 divide 51858588?
False
Does 220 divide 507080195?
False
Is 82590711 a multiple of 25?
False
Is 850 a factor of 177637534?
False
Is 110 a factor of 73339056?
False
Does 42 divide 1948842?
True
Is 104 a factor of 231130640?
True
Is 4011 a factor of 215737422?
False
Is 1982 a factor of 20281806?
True
Is 19 a factor of 44363936?
True
Is 29 a factor of 59009084?
True
Is 7340536 a multiple of 8?
True
Is 53 a factor of 2264266?
True
Does 108 divide 8864302?
False
Is 1047 a factor of 31111605?
True
Is 83041770 a multiple of 102?
True
Is 51365953 a multiple of 586?
False
Does 279 divide 288905058?
True
Does 3857 divide 2995080067?
True
Is 1496442086 a multiple of 376?
False
Is 327 a factor of 36522715?
False
Is 8 a factor of 88834199?
False
Is 40 a factor of 95953665?
False
Is 174117496 a multiple of 698?
True
Is 963 a factor of 251405986?
False
Is 421 a factor of 127135685?
True
Is 20 a factor of 7965576434?
False
Does 1221 divide 1216203912?
True
Is 13649937 a multiple of 291?
True
Is 188949876 a multiple of 318?
True
Does 19 divide 330847095?
True
Is 50454232 a multiple of 698?
True
Is 262 a factor of 12966750?
False
Is 16584010 a multiple of 17?
True
Is 659172888 a multiple of 2228?
False
Does 226 divide 7238693?
False
Is 1559 a factor of 530829277?
False
Is 168290155 a multiple of 671?
True
Is 490 a factor of 97365886?
False
Is 108603040 a multiple of 32?
True
Does 610 divide 19900696?
False
Does 24 divide 3451717521?
False
Is 11 a factor of 11093005?
True
Is 7464250 a multiple of 146?
True
Does 16 divide 810102212?
False
Does 5780 divide 963445080?
True
Does 156 divide 130853112?
True
Is 44265621 a multiple of 770?
False
Is 234343550 a multiple of 25?
True
Is 902424078 a multiple of 8?
False
Does 32 divide 30696297?
False
Is 126 a factor of 9326142?
True
Is 77332860 a multiple of 540?
True
Is 318037866 a multiple of 50?
False
Is 195751198 a multiple of 10?
False
Is 1765 a factor of 34323955?
True
Is 81557986 a multiple of 414?
False
Is 155705089 a multiple of 1068?
False
Does 16 divide 322950576?
True
Is 226 a factor of 3948925001?
False
Is 121212 a multiple of 2?
True
Is 15311832 a multiple of 169?
False
Is 42304584 a multiple of 868?
True
Does 1548 divide 1469052?
True
Is 72703118 a multiple of 53?
False
Does 2822 divide 49856274?
True
Is 536 a factor of 82094266?
False
Is 8 a factor of 442393808?
True
Does 317 divide 749493094?
False
Does 3064 divide 155268620?
False
Is 2417 a factor of 2195599442?
False
Does 234 divide 916014762?
True
Does 238 divide 2761199602?
True
Is 2403144 a multiple of 72?
True
Does 42 divide 190324050?
True
Is 272342 a multiple of 794?
True
Is 260102739 a multiple of 8?
False
Is 4926 a factor of 100253952?
True
Is 1039 a factor of 23075252?
False
Is 175 a factor of 15756049?
False
Does 96 divide 78184416?
True
Is 689084 a multiple of 146?
False
Is 313 a factor of 198296658?
False
Is 137848008 a multiple of 6?
True
Does 16 divide 15875984?
True
Is 1895 a factor of 15455620?
True
Does 50 divide 241942050?
True
Does 80 divide 451353680?
True
Is 1139 a factor of 42093591?
False
Is 203 a factor of 53356926?
True
Does 90 divide 5078327040?
True
Is 125 a factor of 90418750?
True
Is 81 a factor of 346950540?
True
Does 16 divide 31766016?
True
Is 1797 a factor of 190882515?
False
Is 41 a factor of 352868468?
True
Is 875530353 a multiple of 15?
False
Is 13525318 a multiple of 229?
False
Is 1394296 a multiple of 11?
False
Is 106084756 a multiple of 4682?
True
Does 29 divide 980345?
True
Does 323 divide 51292530?
False
Is 545943936 a multiple of 4?
True
Is 813866 a multiple of 19?
False
Is 634110769 a multiple of 4419?
False
Does 1494 divide 270526050?
True
Does 60 divide 53320880?
False
Is 414540010 a multiple of 10?
True
Is 253 a factor of 8604783?
True
Is 37412021 a multiple of 31?
False
Is 24552064 a multiple of 166?
True
Is 121331953 a multiple of 23?
False
Is 20 a factor of 1039900032?
False
Is 11 a factor of 59207863?
True
Does 201 divide 3721257?
False
Does 4228 divide 127968658?
False
Is 31235417 a multiple of 1173?
False
Does 2 divide 1347307?
False
Is 153520032 a multiple of 368?
True
Is 91 a factor of 21722974?
True
Is 9296 a factor of 347380140?
False
Is 2934 a factor of 257488196?
False
Is 43690549 a multiple of 10?
False
Is 30 a factor of 262096563?
False
Is 3019469166 a multiple of 12057?
False
Is 50064280 a multiple of 245?
True
Does 56 divide 39545744?
True
Is 28 a factor of 399160?
False
Is 992880105 a multiple of 10?
False
Does 2540 divide 2283396500?
True
Is 18 a factor of 25637292?
True
Is 195558145 a multiple of 152?
False
Is 117374020 a multiple of 76?
True
Does 13 divide 926435103?
False
Is 513895756 a multiple of 2340?
False
Is 51 a factor of 271940687?
False
Is 16 a factor of 2964832?
True
Is 199 a factor of 16993938?
False
Does 71 divide 9907198?
True
Does 160 divide 74351289?
False
Is 18 a factor of 1646496144?
True
Is 799 a factor of 2402784760?
True
Does 10 divide 25337602?
False
Is 551 a factor of 93424618?
False
Is 4824 a factor of 5274503712?
True
Does 1336 divide 17759859?
False
Does 463 divide 136841502?
True
Does 33 divide 34024803?
False
Is 19 a factor of 1978062?
False
Does 5 divide 12547876?
False
Is 49417200 a multiple of 150?
True
Is 2 a factor of 5356353?
False
Is 1831 a factor of 1314658?
True
Is 949 a factor of 83913082?
False
Does 661 divide 82739818?
False
Does 1963 divide 395377645?
True
Is 3396761568 a multiple of 2448?
True
Is 163087140 a multiple of 262?
True
Is 517963283 a multiple of 26?
False
Is 16 a factor of 25021888?
True
Is 83355526 a multiple of 9?
False
Is 3 a factor of 10600191?
True
Is 8759 a factor of 2880314305?
False
Is 21 a factor of 156231810?
True
Is 460 a factor of 21207380?
True
Is 298 a factor of 820689009?
False
Does 915 divide 17178560?
False
Is 12 a factor of 41478268?
False
Is 46 a factor of 103753323?
False
Does 36 divide 2100528?
True
Is 2126730671 a multiple of 10463?
False
Is 275382140 a multiple of 993?
False
Is 591828133 a multiple of 5860?
False
Is 3086424 a multiple of 216?
True
Is 185527472 a multiple of 481?
True
Is 2 a factor of 90709170?
True
Is 462999051 a multiple of 27?
True
Is 2566932777 a multiple of 141?
True
Does 126 divide 569822148?
True
Does 10 divide 3482760?
True
Does 25 divide 84939697?
False
Does 20 divide 1668805820?
True
Does 75 divide 53337450?
True
Is 1224751814 a multiple of 26?
True
Is 3 a factor of 17783343?
True
Is 33 a factor of 6941847?
True
Is 256 a factor of 96408064?
True
Does 453 divide 74513064?
True
Does 18 divide 660611297?
False
Is 16380678 a multiple of 506?
False
Is 1658 a factor of 36321806?
True
Is 28380856 a multiple of 164?
True
Is 2267389839 a multiple of 75?
False
Does 112 divide 175794528?
True
Is 723804386 a multiple of 2305?
False
Is 1164275046 a multiple of 251?
True
Is 222 a factor of 61828776?
True
Is 9132422 a multiple of 338?
True
Does 131 divide 2054130566?
True
Is 205363983 a multiple of 30?
False
Is 4 a factor of 1303606?
False
Is 230 a factor of 48138080?
True
Is 553 a factor of 25506019?
True
Does 351 divide 141042681?
True
Is 160 a factor of 1159137920?
True
Is 830222563 a multiple of 54?
False
Is 11 a factor of 176975678?
True
Is 113853700 a multiple of 1550?
True
Does 28 divide 10054447?
False
Is 17 a factor of 90970899?
False
Is 281740 a multiple of 6?
False
Is 47 a factor of 11319175?
False
Is 767403401 a multiple of 105?
False
Does 873 divide 1279675?
False
Is 78 a factor of 29828413?
False
Is 923 a factor of 70818098?
True
Is 1973 a factor of 29389808?
True
Is 17059240 a